1475861
What are the prime factors of 3264492638?
2, 11, 19, 709981
What are the prime factors of 59334020?
2, 5, 23, 128987
What are the prime factors of 3361045289?
7, 239, 286999
What are the prime factors of 110803893?
3, 36934631
List the prime factors of 486308912.
2, 757, 40151
List the prime factors of 143468853.
3, 11, 395231
What are the prime factors of 175332084?
2, 3, 17, 283, 3037
List the prime factors of 92014030.
2, 5, 17, 23, 101, 233
List the prime factors of 1041794046.
2, 3, 449, 128903
List the prime factors of 85525215.
3, 5, 17, 109, 181
List the prime factors of 75375742.
2, 13, 2899067
What are the prime factors of 41136614?
2, 293, 70199
List the prime factors of 1665998449.
53, 31433933
What are the prime factors of 63829249?
11, 5802659
List the prime factors of 24764255.
5, 109, 45439
List the prime factors of 989210705.
5, 7, 17, 563, 2953
List the prime factors of 25846758.
2, 3, 7, 205133
What are the prime factors of 3226266547?
7, 1889, 243989
List the prime factors of 19561069.
11, 1778279
List the prime factors of 305798646.
2, 3, 257, 198313
What are the prime factors of 118992126?
2, 3, 11, 163901
What are the prime factors of 97714724?
2, 24428681
What are the prime factors of 1096388450?
2, 5, 21927769
List the prime factors of 1210308015.
3, 5, 7, 61, 233, 811
List the prime factors of 26358455.
5, 337, 15643
What are the prime factors of 249903755?
5, 109, 137, 3347
What are the prime factors of 230926795?
5, 11, 4198669
What are the prime factors of 1982773382?
2, 383, 2588477
List the prime factors of 1854892.
2, 13, 35671
List the prime factors of 966381287.
19, 173, 294001
What are the prime factors of 40504924?
2, 10126231
List the prime factors of 380937356.
2, 269, 354031
List the prime factors of 133821773.
17, 2293, 3433
List the prime factors of 967362152.
2, 17, 23, 309259
What are the prime factors of 2990054048?
2, 29, 3222041
What are the prime factors of 1111753357?
11, 13, 7774499
List the prime factors of 86393028.
2, 3, 7199419
What are the prime factors of 922471645?
5, 184494329
What are the prime factors of 2183722444?
2, 545930611
List the prime factors of 1118380123.
7, 159768589
List the prime factors of 109360050.
2, 3, 5, 179, 4073
List the prime factors of 1703876.
2, 17, 25057
What are the prime factors of 38764971?
3, 7, 73, 8429
List the prime factors of 13914122.
2, 359, 19379
What are the prime factors of 39880391?
1951, 20441
What are the prime factors of 89090155?
5, 7, 11, 23, 10061
List the prime factors of 467510173.
13, 1823, 19727
What are the prime factors of 578067923?
578067923
List the prime factors of 5222096729.
29, 180072301
List the prime factors of 443683251.
3, 11, 18443
What are the prime factors of 1650092732?
2, 47, 1361, 6449
What are the prime factors of 353799179?
23, 15382573
What are the prime factors of 37605746?
2, 1193, 15761
List the prime factors of 1466710569.
3, 162967841
What are the prime factors of 23996351?
157, 152843
What are the prime factors of 279211536?
2, 3, 17, 19, 23, 29
List the prime factors of 1049636272.
2, 61, 661, 1627
What are the prime factors of 74751009?
3, 29, 47, 101, 181
List the prime factors of 4298606935.
5, 7, 83, 1479727
List the prime factors of 65513738.
2, 503, 65123
List the prime factors of 1326176082.
2, 3, 7, 11, 136691
List the prime factors of 34273200.
2, 3, 5, 13
List the prime factors of 24659640.
2, 3, 5, 43, 59
List the prime factors of 229549676.
2, 57387419
List the prime factors of 68788411.
31, 73, 113, 269
List the prime factors of 1335258827.
7, 190751261
What are the prime factors of 3385774142?
2, 1692887071
What are the prime factors of 40040592?
2, 3, 31, 71, 379
List the prime factors of 311588052.
2, 3, 25965671
What are the prime factors of 433101640?
2, 5, 10827541
List the prime factors of 624157190.
2, 5, 62415719
List the prime factors of 14693015.
5, 17, 172859
List the prime factors of 558518953.
191, 2924183
List the prime factors of 331801754.
2, 2053, 80809
What are the prime factors of 6957361?
29, 31, 71, 109
List the prime factors of 334467151.
334467151
What are the prime factors of 258901854?
2, 3, 43150309
What are the prime factors of 365411977?
7, 29, 62071
List the prime factors of 53203546.
2, 11, 2418343
List the prime factors of 96747050.
2, 5, 19, 101839
What are the prime factors of 2911423113?
3, 323491457
What are the prime factors of 53077679?
53077679
List the prime factors of 1092427108.
2, 273106777
What are the prime factors of 570512687?
61, 1297, 7211
What are the prime factors of 5424895141?
29383, 184627
List the prime factors of 4766025670.
2, 5, 7, 239, 40697
List the prime factors of 2280548740.
2, 5, 41, 599, 4643
What are the prime factors of 1144154175?
3, 5, 139, 109751
What are the prime factors of 4959622787?
7, 691, 1025351
List the prime factors of 7981675026.
2, 3, 13, 53, 67, 28817
List the prime factors of 996136015.
5, 7, 37, 557, 1381
What are the prime factors of 986527732?
2, 41, 6015413
What are the prime factors of 1949724488?
2, 243715561
List the prime factors of 68177484.
2, 3, 631273
What are the prime factors of 147917394?
2, 3, 19, 144169
What are the prime factors of 257827827?
3, 85942609
List the prime factors of 451349195.
5, 11, 457, 17957
What are the prime factors of 182301228?
2, 3, 773, 6551
List the prime factors of 254308007.
254308007
What are the prime factors of 49672388?
2, 12418097
What are the prime factors of 5357210?
2, 5, 17, 31513
What are the prime factors of 419093522?
2, 1277, 164093
List the prime factors of 171065504.
2, 37, 144481
What are the prime factors of 7907709?
3, 181, 14563
What are the prime factors of 36482311?
101, 361211
What are the prime factors of 876653886?
2, 3, 146108981
What are the prime factors of 23958756?
2, 3, 29, 53, 433
List the prime factors of 17547087.
3, 5849029
What are the prime factors of 220779377?
7, 13, 241, 10067
List the prime factors of 2774619088.
2, 947, 183119
List the prime factors of 755710044.
2, 3, 17, 3704461
List the prime factors of 81608672.
2, 947, 2693
What are the prime factors of 2050251681?
3, 31, 257, 85781
List the prime factors of 1920185667.
3, 937, 227699
List the prime factors of 1048683400.
2, 5, 5243417
What are the prime factors of 94855642?
2, 7, 37, 183119
What are the prime factors of 115570765?
5, 101, 228853
What are the prime factors of 1651731770?
2, 5, 13, 31, 61, 6719
What are the prime factors of 472656437?
11, 42968767
What are the prime factors of 4364049?
3, 1454683
What are the prime factors of 42393524?
2, 10598381
What are the prime factors of 31269610?
2, 5, 3126961
List the prime factors of 511021517.
511021517
What are the prime factors of 1492163489?
5743, 259823
What are the prime factors of 32493542?
2, 59, 509, 541
List the prime factors of 131873294.
2, 7, 9419521
What are the prime factors of 5717244744?
2, 3, 79406177
List the prime factors of 375977957.
47, 7999531
List the prime factors of 16821084.
2, 3, 7, 43, 4657
What are the prime factors of 9074685?
3, 5, 17, 19, 1873
What are the prime factors of 33072580?
2, 5, 811, 2039
What are the prime factors of 1612337846?
2, 7, 107, 179, 859
List the prime factors of 25368469.
7, 167, 21701
List the prime factors of 135507787.
211, 642217
List the prime factors of 149759556.
2, 3, 53, 83, 2837
List the prime factors of 63997838.
2, 29, 71, 15541
What are the prime factors of 1205581562?
2, 29, 71, 292759
List the prime factors of 213961794.
2, 3, 35660299
What are the prime factors of 372808316?
2, 191, 197, 2477
What are the prime factors of 944867276?
2, 17, 13895107
What are the prime factors of 108571402?
2, 107, 181, 2803
List the prime factors of 271731394.
2, 11, 1122857
What are the prime factors of 1219174562?
2, 609587281
What are the prime factors of 73463107?
73463107
What are the prime factors of 863741824?
2, 11, 19, 83, 389
List the prime factors of 963882375.
3, 5, 37, 127, 547
What are the prime factors of 3467515911?
3, 8467, 136511
List the prime factors of 2159997606.
2, 3, 13, 601, 15359
List the prime factors of 103735484.
2, 101, 256771
List the prime factors of 28457807.
7, 113, 35977
What are the prime factors of 4817923?
11, 4